89
List the prime factors of 76977260.
2, 5, 97, 39679
List the prime factors of 51063222.
2, 3, 7, 19, 61, 1049
What are the prime factors of 19970136?
2, 3, 277363
List the prime factors of 7186340920.
2, 5, 11, 16332593
What are the prime factors of 4398620375?
5, 17, 739, 2801
List the prime factors of 331441613.
331441613
List the prime factors of 657821628.
2, 3, 6090941
List the prime factors of 804850118.
2, 421, 955879
List the prime factors of 50639080.
2, 5, 1265977
List the prime factors of 255511548.
2, 3, 31, 228953
What are the prime factors of 8103021860?
2, 5, 405151093
List the prime factors of 12157220.
2, 5, 607861
What are the prime factors of 4840758?
2, 3, 13, 137, 151
What are the prime factors of 681035019?
3, 7, 3163, 10253
List the prime factors of 35184200.
2, 5, 19, 47, 197
What are the prime factors of 36253482?
2, 3, 19, 163, 1951
What are the prime factors of 192460565?
5, 11, 193, 18131
List the prime factors of 75044882.
2, 11, 113, 30187
What are the prime factors of 719777065?
5, 7, 23, 31, 28843
List the prime factors of 8973158.
2, 89, 50411
What are the prime factors of 171837616?
2, 10739851
What are the prime factors of 27219043?
43, 633001
List the prime factors of 120050043.
3, 223, 311, 577
What are the prime factors of 12063485?
5, 7, 344671
List the prime factors of 1631635572.
2, 3, 7, 19424233
What are the prime factors of 19802024?
2, 11, 225023
List the prime factors of 1585422042.
2, 3, 264237007
List the prime factors of 79858301.
79858301
What are the prime factors of 38380899?
3, 3541, 3613
List the prime factors of 50163185.
5, 29, 345953
List the prime factors of 248597497.
10979, 22643
What are the prime factors of 315384701?
61, 5170241
What are the prime factors of 4271499040?
2, 5, 37, 19501
What are the prime factors of 37861351?
11, 3441941
List the prime factors of 346897142.
2, 173448571
List the prime factors of 327399102.
2, 3, 18188839
List the prime factors of 19638016.
2, 41, 1871
What are the prime factors of 1768470500?
2, 5, 37, 109, 877
What are the prime factors of 539736499?
109, 1237, 4003
List the prime factors of 25810721.
19, 1358459
List the prime factors of 392123869.
223, 1758403
What are the prime factors of 63931493?
7487, 8539
What are the prime factors of 4510454553?
3, 11, 109, 417983
What are the prime factors of 5130454?
2, 7, 366461
List the prime factors of 5953984505.
5, 7, 107, 1589849
What are the prime factors of 565873297?
11, 73, 331, 2129
What are the prime factors of 511616638?
2, 13, 61, 322583
List the prime factors of 182473333.
7, 26067619
What are the prime factors of 72403376?
2, 19, 37, 41, 157
List the prime factors of 29484473.
29484473
What are the prime factors of 1496660649?
3, 11, 45353353
What are the prime factors of 390287536?
2, 113, 139, 1553
What are the prime factors of 390785452?
2, 97, 1007179
What are the prime factors of 425501488?
2, 26593843
What are the prime factors of 219673029?
3, 83, 563, 1567
List the prime factors of 143377971.
3, 11, 19, 347, 659
What are the prime factors of 81279026?
2, 3709, 10957
List the prime factors of 4197493197.
3, 155462711
What are the prime factors of 3753281665?
5, 7, 37, 233, 1777
List the prime factors of 307142836.
2, 7, 11, 13, 79, 971
What are the prime factors of 1304290963?
1304290963
What are the prime factors of 6290727146?
2, 11, 59, 4846477
What are the prime factors of 389246945?
5, 4421, 17609
What are the prime factors of 156530535?
3, 5, 7, 37, 43, 937
List the prime factors of 51850249.
11, 4713659
List the prime factors of 78400900.
2, 5, 784009
List the prime factors of 2545995.
3, 5, 169733
List the prime factors of 353679904.
2, 11052497
What are the prime factors of 29038170?
2, 3, 5, 7, 53, 2609
List the prime factors of 566463690.
2, 3, 5, 13, 61, 7937
What are the prime factors of 118023394?
2, 229, 439, 587
What are the prime factors of 1377784174?
2, 13, 79, 670781
List the prime factors of 614795269.
11, 73, 765623
What are the prime factors of 302919083?
467, 648649
List the prime factors of 791973611.
11, 13, 17, 325781
List the prime factors of 136030082.
2, 19, 1549, 2311
What are the prime factors of 33136611?
3, 863, 12799
List the prime factors of 2443696549.
7, 281, 1242347
What are the prime factors of 253797317?
83, 997, 3067
List the prime factors of 17869639.
43, 53, 7841
List the prime factors of 2038386750.
2, 3, 5, 41, 151, 439
List the prime factors of 1525962306.
2, 3, 11, 23120641
What are the prime factors of 53252721?
3, 17, 4297
What are the prime factors of 251399993?
13, 19338461
List the prime factors of 19369765.
5, 1163, 3331
What are the prime factors of 1274572894?
2, 7, 613, 148517
List the prime factors of 226120168.
2, 61, 661, 701
List the prime factors of 25766370.
2, 3, 5, 7, 13633
List the prime factors of 564985639.
23, 24564593
List the prime factors of 1154345917.
17, 167, 617, 659
List the prime factors of 4771544987.
11, 181, 199, 12043
What are the prime factors of 102554701?
29, 3536369
List the prime factors of 61554228.
2, 3, 59, 227, 383
List the prime factors of 476244524.
2, 7, 313, 1109
What are the prime factors of 33690639?
3, 11230213
What are the prime factors of 218272636?
2, 479, 113921
List the prime factors of 82894361.
11, 7535851
What are the prime factors of 20517876?
2, 3, 41, 13901
What are the prime factors of 101558298?
2, 3, 113, 149791
What are the prime factors of 7970245988?
2, 1992561497
List the prime factors of 6817921115.
5, 43, 59, 109, 4931
List the prime factors of 1178751038.
2, 521, 1131239
List the prime factors of 6163213831.
6163213831
List the prime factors of 107167501.
7, 937, 16339
List the prime factors of 50493671.
23, 811, 2707
What are the prime factors of 943089945?
3, 5, 7, 8981809
What are the prime factors of 16555944?
2, 3, 689831
List the prime factors of 3743582350.
2, 5, 19, 23, 73, 2347
List the prime factors of 43885102.
2, 229, 95819
List the prime factors of 2208818097.
3, 4583, 53551
What are the prime factors of 200348105?
5, 40069621
What are the prime factors of 804739899?
3, 37, 79, 91771
What are the prime factors of 20072839?
20072839
What are the prime factors of 343351718?
2, 171675859
What are the prime factors of 685737290?
2, 5, 7, 9796247
What are the prime factors of 382033689?
3, 127344563
What are the prime factors of 59942889?
3, 911, 2437
What are the prime factors of 34498373?
7, 13, 379103
List the prime factors of 17609418.
2, 3, 41, 107, 223
What are the prime factors of 824082493?
13, 41, 1546121
What are the prime factors of 527090601?
3, 59, 2977913
What are the prime factors of 62628559?
7, 59, 151643
What are the prime factors of 54524638?
2, 7, 1741, 2237
List the prime factors of 1093933269.
3, 11, 13, 31481
List the prime factors of 2392708383.
3, 13, 43, 47, 3373
What are the prime factors of 13875128?
2, 17, 102023
List the prime factors of 18460576.
2, 281, 2053
List the prime factors of 9927992.
2, 1240999
List the prime factors of 238335523.
967, 246469
What are the prime factors of 71526183?
3, 107, 222823
List the prime factors of 481713001.
7, 11, 6256013
List the prime factors of 3418829193.
3, 13, 37, 2369251
List the prime factors of 1171636029.
3, 151, 193, 1489
List the prime factors of 425807630.
2, 5, 31, 79, 17387
List the prime factors of 73122041.
2819, 25939
What are the prime factors of 3682321419?
3, 7, 139, 683, 1847
What are the prime factors of 202293774?
2, 3, 227, 5501
What are the prime factors of 614572872?
2, 3, 29, 179, 4933
What are the prime factors of 37722473?
17, 2218969
What are the prime factors of 678438156?
2, 3, 11, 5139683
What are the prime factors of 169160942?
2, 907, 93253
List the prime factors of 241625224.
2, 30203153
What are the prime factors of 2422519028?
2, 605629757
What are the prime factors of 2910832771?
7, 11, 37803023
What are the prime factors of 367672207?
7, 52524601
What are the prime factors of 128425597?
128425597
What are the prime factors of 101062601?
101062601
List the prime factors of 30833616.
2, 3, 11, 23, 2539
List the prime factors of 1459822686.
2, 3, 7, 179, 277, 701
What are the prime factors of 420645637?
17, 37, 73, 9161
List the prime factors of 4